{"id":2218,"date":"2020-04-08T10:58:54","date_gmt":"2020-04-08T08:58:54","guid":{"rendered":"https:\/\/www.gouffre-de-cabrespine.com\/faq-items\/peut-on-visiter-la-grotte-en-periode-de-forte-pluie\/"},"modified":"2021-03-02T10:11:51","modified_gmt":"2021-03-02T09:11:51","slug":"es-pot-visitar-la-cova-en-periodes-de-pluja-intensa","status":"publish","type":"avada_faq","link":"https:\/\/www.gouffre-de-cabrespine.com\/ca\/faq-items\/es-pot-visitar-la-cova-en-periodes-de-pluja-intensa\/","title":{"rendered":"\u00bfEs pot visitar la cova en per\u00edodes de pluja intensa?"},"content":{"rendered":"<p>S\u00ed, l\u2019Avenc de Cabrespina \u00e9s accessible faci el temps que faci. Fins i tot us aconsellem que vingueu a descobrir l\u2019avenc despr\u00e9s de les grans pluges de la primavera i la tardor, per gaudir al m\u00e0xim de l\u2019ambient sonor que aleshores acompanya la visita.<\/p>\n<span class=\"et_bloom_bottom_trigger\"><\/span>","protected":false},"excerpt":{"rendered":"<p>S\u00ed, l\u2019Avenc de Cabrespina \u00e9s accessible faci el temps que  [&#8230;]<\/p>\n","protected":false},"author":3,"featured_media":0,"menu_order":0,"comment_status":"open","ping_status":"closed","template":"","format":"standard","meta":{"_acf_changed":false,"inline_featured_image":false,"footnotes":""},"faq_category":[],"class_list":["post-2218","avada_faq","type-avada_faq","status-publish","format-standard","hentry"],"acf":[],"yoast_head":"<!-- This site is optimized with the Yoast SEO plugin v26.8 - https:\/\/yoast.com\/product\/yoast-seo-wordpress\/ -->\n<title>\u00bfEs pot visitar la cova en per\u00edodes de pluja intensa? - Gouffre G\u00e9ant de Cabrespine<\/title>\n<meta name=\"robots\" content=\"index, follow, max-snippet:-1, max-image-preview:large, max-video-preview:-1\" \/>\n<link rel=\"canonical\" href=\"https:\/\/www.gouffre-de-cabrespine.com\/ca\/faq-items\/es-pot-visitar-la-cova-en-periodes-de-pluja-intensa\/\" \/>\n<meta property=\"og:locale\" content=\"ca_ES\" \/>\n<meta property=\"og:type\" content=\"article\" \/>\n<meta property=\"og:title\" content=\"\u00bfEs pot visitar la cova en per\u00edodes de pluja intensa? - Gouffre G\u00e9ant de Cabrespine\" \/>\n<meta property=\"og:description\" content=\"S\u00ed, l\u2019Avenc de Cabrespina \u00e9s accessible faci el temps que [...]\" \/>\n<meta property=\"og:url\" content=\"https:\/\/www.gouffre-de-cabrespine.com\/ca\/faq-items\/es-pot-visitar-la-cova-en-periodes-de-pluja-intensa\/\" \/>\n<meta property=\"og:site_name\" content=\"Gouffre G\u00e9ant de Cabrespine\" \/>\n<meta property=\"article:modified_time\" content=\"2021-03-02T09:11:51+00:00\" \/>\n<meta name=\"twitter:card\" content=\"summary_large_image\" \/>\n<script type=\"application\/ld+json\" class=\"yoast-schema-graph\">{\"@context\":\"https:\/\/schema.org\",\"@graph\":[{\"@type\":\"WebPage\",\"@id\":\"https:\/\/www.gouffre-de-cabrespine.com\/ca\/faq-items\/es-pot-visitar-la-cova-en-periodes-de-pluja-intensa\/\",\"url\":\"https:\/\/www.gouffre-de-cabrespine.com\/ca\/faq-items\/es-pot-visitar-la-cova-en-periodes-de-pluja-intensa\/\",\"name\":\"\u00bfEs pot visitar la cova en per\u00edodes de pluja intensa? - Gouffre G\u00e9ant de Cabrespine\",\"isPartOf\":{\"@id\":\"https:\/\/www.gouffre-de-cabrespine.com\/#website\"},\"datePublished\":\"2020-04-08T08:58:54+00:00\",\"dateModified\":\"2021-03-02T09:11:51+00:00\",\"breadcrumb\":{\"@id\":\"https:\/\/www.gouffre-de-cabrespine.com\/ca\/faq-items\/es-pot-visitar-la-cova-en-periodes-de-pluja-intensa\/#breadcrumb\"},\"inLanguage\":\"ca\",\"potentialAction\":[{\"@type\":\"ReadAction\",\"target\":[\"https:\/\/www.gouffre-de-cabrespine.com\/ca\/faq-items\/es-pot-visitar-la-cova-en-periodes-de-pluja-intensa\/\"]}]},{\"@type\":\"BreadcrumbList\",\"@id\":\"https:\/\/www.gouffre-de-cabrespine.com\/ca\/faq-items\/es-pot-visitar-la-cova-en-periodes-de-pluja-intensa\/#breadcrumb\",\"itemListElement\":[{\"@type\":\"ListItem\",\"position\":1,\"name\":\"Accueil\",\"item\":\"https:\/\/www.gouffre-de-cabrespine.com\/ca\/\"},{\"@type\":\"ListItem\",\"position\":2,\"name\":\"F.A.Q.\",\"item\":\"https:\/\/www.gouffre-de-cabrespine.com\/faq-items\/\"},{\"@type\":\"ListItem\",\"position\":3,\"name\":\"\u00bfEs pot visitar la cova en per\u00edodes de pluja intensa?\"}]},{\"@type\":\"WebSite\",\"@id\":\"https:\/\/www.gouffre-de-cabrespine.com\/#website\",\"url\":\"https:\/\/www.gouffre-de-cabrespine.com\/\",\"name\":\"Gouffre G\u00e9ant de Cabrespine\",\"description\":\"Plongez au coeur du Gouffre G\u00e9ant de Cabrespine\",\"potentialAction\":[{\"@type\":\"SearchAction\",\"target\":{\"@type\":\"EntryPoint\",\"urlTemplate\":\"https:\/\/www.gouffre-de-cabrespine.com\/?s={search_term_string}\"},\"query-input\":{\"@type\":\"PropertyValueSpecification\",\"valueRequired\":true,\"valueName\":\"search_term_string\"}}],\"inLanguage\":\"ca\"}]}<\/script>\n<!-- \/ Yoast SEO plugin. -->","yoast_head_json":{"title":"\u00bfEs pot visitar la cova en per\u00edodes de pluja intensa? - Gouffre G\u00e9ant de Cabrespine","robots":{"index":"index","follow":"follow","max-snippet":"max-snippet:-1","max-image-preview":"max-image-preview:large","max-video-preview":"max-video-preview:-1"},"canonical":"https:\/\/www.gouffre-de-cabrespine.com\/ca\/faq-items\/es-pot-visitar-la-cova-en-periodes-de-pluja-intensa\/","og_locale":"ca_ES","og_type":"article","og_title":"\u00bfEs pot visitar la cova en per\u00edodes de pluja intensa? - Gouffre G\u00e9ant de Cabrespine","og_description":"S\u00ed, l\u2019Avenc de Cabrespina \u00e9s accessible faci el temps que [...]","og_url":"https:\/\/www.gouffre-de-cabrespine.com\/ca\/faq-items\/es-pot-visitar-la-cova-en-periodes-de-pluja-intensa\/","og_site_name":"Gouffre G\u00e9ant de Cabrespine","article_modified_time":"2021-03-02T09:11:51+00:00","twitter_card":"summary_large_image","schema":{"@context":"https:\/\/schema.org","@graph":[{"@type":"WebPage","@id":"https:\/\/www.gouffre-de-cabrespine.com\/ca\/faq-items\/es-pot-visitar-la-cova-en-periodes-de-pluja-intensa\/","url":"https:\/\/www.gouffre-de-cabrespine.com\/ca\/faq-items\/es-pot-visitar-la-cova-en-periodes-de-pluja-intensa\/","name":"\u00bfEs pot visitar la cova en per\u00edodes de pluja intensa? - Gouffre G\u00e9ant de Cabrespine","isPartOf":{"@id":"https:\/\/www.gouffre-de-cabrespine.com\/#website"},"datePublished":"2020-04-08T08:58:54+00:00","dateModified":"2021-03-02T09:11:51+00:00","breadcrumb":{"@id":"https:\/\/www.gouffre-de-cabrespine.com\/ca\/faq-items\/es-pot-visitar-la-cova-en-periodes-de-pluja-intensa\/#breadcrumb"},"inLanguage":"ca","potentialAction":[{"@type":"ReadAction","target":["https:\/\/www.gouffre-de-cabrespine.com\/ca\/faq-items\/es-pot-visitar-la-cova-en-periodes-de-pluja-intensa\/"]}]},{"@type":"BreadcrumbList","@id":"https:\/\/www.gouffre-de-cabrespine.com\/ca\/faq-items\/es-pot-visitar-la-cova-en-periodes-de-pluja-intensa\/#breadcrumb","itemListElement":[{"@type":"ListItem","position":1,"name":"Accueil","item":"https:\/\/www.gouffre-de-cabrespine.com\/ca\/"},{"@type":"ListItem","position":2,"name":"F.A.Q.","item":"https:\/\/www.gouffre-de-cabrespine.com\/faq-items\/"},{"@type":"ListItem","position":3,"name":"\u00bfEs pot visitar la cova en per\u00edodes de pluja intensa?"}]},{"@type":"WebSite","@id":"https:\/\/www.gouffre-de-cabrespine.com\/#website","url":"https:\/\/www.gouffre-de-cabrespine.com\/","name":"Gouffre G\u00e9ant de Cabrespine","description":"Plongez au coeur du Gouffre G\u00e9ant de Cabrespine","potentialAction":[{"@type":"SearchAction","target":{"@type":"EntryPoint","urlTemplate":"https:\/\/www.gouffre-de-cabrespine.com\/?s={search_term_string}"},"query-input":{"@type":"PropertyValueSpecification","valueRequired":true,"valueName":"search_term_string"}}],"inLanguage":"ca"}]}},"_links":{"self":[{"href":"https:\/\/www.gouffre-de-cabrespine.com\/ca\/wp-json\/wp\/v2\/avada_faq\/2218","targetHints":{"allow":["GET"]}}],"collection":[{"href":"https:\/\/www.gouffre-de-cabrespine.com\/ca\/wp-json\/wp\/v2\/avada_faq"}],"about":[{"href":"https:\/\/www.gouffre-de-cabrespine.com\/ca\/wp-json\/wp\/v2\/types\/avada_faq"}],"author":[{"embeddable":true,"href":"https:\/\/www.gouffre-de-cabrespine.com\/ca\/wp-json\/wp\/v2\/users\/3"}],"replies":[{"embeddable":true,"href":"https:\/\/www.gouffre-de-cabrespine.com\/ca\/wp-json\/wp\/v2\/comments?post=2218"}],"version-history":[{"count":2,"href":"https:\/\/www.gouffre-de-cabrespine.com\/ca\/wp-json\/wp\/v2\/avada_faq\/2218\/revisions"}],"predecessor-version":[{"id":3581,"href":"https:\/\/www.gouffre-de-cabrespine.com\/ca\/wp-json\/wp\/v2\/avada_faq\/2218\/revisions\/3581"}],"wp:attachment":[{"href":"https:\/\/www.gouffre-de-cabrespine.com\/ca\/wp-json\/wp\/v2\/media?parent=2218"}],"wp:term":[{"taxonomy":"faq_category","embeddable":true,"href":"https:\/\/www.gouffre-de-cabrespine.com\/ca\/wp-json\/wp\/v2\/faq_category?post=2218"}],"curies":[{"name":"wp","href":"https:\/\/api.w.org\/{rel}","templated":true}]}}

¿Es pot visitar la cova en períodes de pluja intensa?

<p>Sí, l’Avenc de Cabrespina és accessible faci el temps que faci. Fins i tot us aconsellem que vingueu a descobrir l’avenc després de les grans pluges de la primavera i la tardor, per gaudir al màxim de l’ambient sonor que aleshores acompanya la visita.</p>
<span class="et_bloom_bottom_trigger"></span>

<p>Sí, l’Avenc de Cabrespina és accessible faci el temps que  [&#8230;]</p>

<!-- This site is optimized with the Yoast SEO plugin v26.8 - https://yoast.com/product/yoast-seo-wordpress/ -->
<title>¿Es pot visitar la cova en períodes de pluja intensa? - Gouffre Géant de Cabrespine</title>
<meta name="robots" content="index, follow, max-snippet:-1, max-image-preview:large, max-video-preview:-1" />
<link rel="canonical" href="https://www.gouffre-de-cabrespine.com/ca/faq-items/es-pot-visitar-la-cova-en-periodes-de-pluja-intensa/" />
<meta property="og:locale" content="ca_ES" />
<meta property="og:type" content="article" />
<meta property="og:title" content="¿Es pot visitar la cova en períodes de pluja intensa? - Gouffre Géant de Cabrespine" />
<meta property="og:description" content="Sí, l’Avenc de Cabrespina és accessible faci el temps que [...]" />
<meta property="og:url" content="https://www.gouffre-de-cabrespine.com/ca/faq-items/es-pot-visitar-la-cova-en-periodes-de-pluja-intensa/" />
<meta property="og:site_name" content="Gouffre Géant de Cabrespine" />
<meta property="article:modified_time" content="2021-03-02T09:11:51+00:00" />
<meta name="twitter:card" content="summary_large_image" />
<script type="application/ld+json" class="yoast-schema-graph">{"@context":"https://schema.org","@graph":[{"@type":"WebPage","@id":"https://www.gouffre-de-cabrespine.com/ca/faq-items/es-pot-visitar-la-cova-en-periodes-de-pluja-intensa/","url":"https://www.gouffre-de-cabrespine.com/ca/faq-items/es-pot-visitar-la-cova-en-periodes-de-pluja-intensa/","name":"¿Es pot visitar la cova en períodes de pluja intensa? - Gouffre Géant de Cabrespine","isPartOf":{"@id":"https://www.gouffre-de-cabrespine.com/#website"},"datePublished":"2020-04-08T08:58:54+00:00","dateModified":"2021-03-02T09:11:51+00:00","breadcrumb":{"@id":"https://www.gouffre-de-cabrespine.com/ca/faq-items/es-pot-visitar-la-cova-en-periodes-de-pluja-intensa/#breadcrumb"},"inLanguage":"ca","potentialAction":[{"@type":"ReadAction","target":["https://www.gouffre-de-cabrespine.com/ca/faq-items/es-pot-visitar-la-cova-en-periodes-de-pluja-intensa/"]}]},{"@type":"BreadcrumbList","@id":"https://www.gouffre-de-cabrespine.com/ca/faq-items/es-pot-visitar-la-cova-en-periodes-de-pluja-intensa/#breadcrumb","itemListElement":[{"@type":"ListItem","position":1,"name":"Accueil","item":"https://www.gouffre-de-cabrespine.com/ca/"},{"@type":"ListItem","position":2,"name":"F.A.Q.","item":"https://www.gouffre-de-cabrespine.com/faq-items/"},{"@type":"ListItem","position":3,"name":"¿Es pot visitar la cova en períodes de pluja intensa?"}]},{"@type":"WebSite","@id":"https://www.gouffre-de-cabrespine.com/#website","url":"https://www.gouffre-de-cabrespine.com/","name":"Gouffre Géant de Cabrespine","description":"Plongez au coeur du Gouffre Géant de Cabrespine","potentialAction":[{"@type":"SearchAction","target":{"@type":"EntryPoint","urlTemplate":"https://www.gouffre-de-cabrespine.com/?s={search_term_string}"},"query-input":{"@type":"PropertyValueSpecification","valueRequired":true,"valueName":"search_term_string"}}],"inLanguage":"ca"}]}</script>
<!-- / Yoast SEO plugin. -->

¿Es pot visitar la cova en períodes de pluja intensa? - Gouffre Géant de Cabrespine

Sí, l’Avenc de Cabrespina és accessible faci el temps que [...]

Gouffre Géant de Cabrespine

Plongez au coeur du Gouffre Géant de Cabrespine
